{"id":22,"date":"2025-05-16T15:41:53","date_gmt":"2025-05-16T13:41:53","guid":{"rendered":"http:\/\/culture-vagabonde.fr\/?page_id=22"},"modified":"2025-09-08T14:16:03","modified_gmt":"2025-09-08T12:16:03","slug":"a-propos","status":"publish","type":"page","link":"https:\/\/www.culture-vagabonde.fr\/index.php\/a-propos\/","title":{"rendered":"A propos"},"content":{"rendered":"\n<div class=\"wp-block-group alignfull has-accent-background-color has-background is-vertical is-content-justification-center is-nowrap is-layout-flex wp-container-core-group-is-layout-2215816d wp-block-group-is-layout-flex\" style=\"min-height:100vh;margin-top:0;margin-bottom:0;padding-top:var(--wp--preset--spacing--50);padding-right:var(--wp--preset--spacing--50);padding-bottom:var(--wp--preset--spacing--50);padding-left:var(--wp--preset--spacing--50)\">\n<div class=\"wp-block-columns alignwide are-vertically-aligned-center is-layout-flex wp-container-core-columns-is-layout-47c06fe3 wp-block-columns-is-layout-flex\">\n<div class=\"wp-block-column is-vertically-aligned-center is-layout-flow wp-block-column-is-layout-flow\" style=\"flex-basis:40%\">\n<figure class=\"wp-block-image aligncenter size-full is-resized\"><img loading=\"lazy\" decoding=\"async\" width=\"500\" height=\"331\" src=\"https:\/\/www.culture-vagabonde.fr\/wp-content\/uploads\/2025\/09\/LOGO_CULTURE-VAGABONDE_v6_petitTransparent.png\" alt=\"logo culture vagabonde\" class=\"wp-image-157\" style=\"width:441px;height:auto\" srcset=\"https:\/\/www.culture-vagabonde.fr\/wp-content\/uploads\/2025\/09\/LOGO_CULTURE-VAGABONDE_v6_petitTransparent.png 500w, https:\/\/www.culture-vagabonde.fr\/wp-content\/uploads\/2025\/09\/LOGO_CULTURE-VAGABONDE_v6_petitTransparent-300x199.png 300w\" sizes=\"auto, (max-width: 500px) 100vw, 500px\" \/><\/figure>\n\n\n\n<hr class=\"wp-block-separator has-alpha-channel-opacity is-style-wide\"\/>\n\n\n\n<div style=\"height:44px\" aria-hidden=\"true\" class=\"wp-block-spacer\"><\/div>\n\n\n\n<div class=\"wp-block-group is-layout-flow wp-container-core-group-is-layout-8f7ed23f wp-block-group-is-layout-flow\" style=\"min-height:100%;margin-top:0;margin-bottom:0;padding-right:0;padding-left:0\">\n<h2 class=\"wp-block-heading\">Notre association a pour objet d&rsquo;impulser et de tisser le lien social en invitant \u00e0 se ressourcer autour du livre, du jeu, de la cr\u00e9ation culturelle.<\/h2>\n<\/div>\n<\/div>\n\n\n\n<div class=\"wp-block-column is-vertically-aligned-top is-layout-flow wp-block-column-is-layout-flow\" style=\"flex-basis:60%\">\n<figure class=\"wp-block-image size-full is-resized is-style-rounded is-style-rounded--1\"><img loading=\"lazy\" decoding=\"async\" width=\"2000\" height=\"2000\" src=\"https:\/\/culture-vagabonde.fr\/wp-content\/uploads\/2025\/05\/8832078.jpg\" alt=\"\" class=\"wp-image-24\" style=\"aspect-ratio:0.75;object-fit:cover;width:493px;height:auto\" srcset=\"https:\/\/www.culture-vagabonde.fr\/wp-content\/uploads\/2025\/05\/8832078.jpg 2000w, https:\/\/www.culture-vagabonde.fr\/wp-content\/uploads\/2025\/05\/8832078-300x300.jpg 300w, https:\/\/www.culture-vagabonde.fr\/wp-content\/uploads\/2025\/05\/8832078-1024x1024.jpg 1024w, https:\/\/www.culture-vagabonde.fr\/wp-content\/uploads\/2025\/05\/8832078-150x150.jpg 150w, https:\/\/www.culture-vagabonde.fr\/wp-content\/uploads\/2025\/05\/8832078-768x768.jpg 768w, https:\/\/www.culture-vagabonde.fr\/wp-content\/uploads\/2025\/05\/8832078-1536x1536.jpg 1536w\" sizes=\"auto, (max-width: 2000px) 100vw, 2000px\" \/><\/figure>\n<\/div>\n<\/div>\n\n\n\n<div class=\"wp-block-columns alignwide are-vertically-aligned-center is-layout-flex wp-container-core-columns-is-layout-47c06fe3 wp-block-columns-is-layout-flex\">\n<div class=\"wp-block-column is-vertically-aligned-center is-layout-flow wp-block-column-is-layout-flow\" style=\"flex-basis:100%\">\n<div class=\"wp-block-group is-layout-flow wp-container-core-group-is-layout-808eee49 wp-block-group-is-layout-flow\" style=\"min-height:100%;margin-top:0;margin-bottom:0;padding-right:0;padding-left:0\">\n<h2 class=\"wp-block-heading\">Pr\u00e9sentation du projet<\/h2>\n\n\n\n<p>De mani\u00e8re g\u00e9n\u00e9rale, mais c&rsquo;est aussi le cas sur notre territoire de Sud G\u00e2tine, le constat est fait que peu de lieux de convivialit\u00e9 sont encore pr\u00e9sents en milieu rural, en particulier des lieux qui seraient accueillants tant pour les adultes que pour les enfants. Mais alors o\u00f9 se rencontrer, partager, sortir de l&rsquo;isolement, d\u00e9battre ??<\/p>\n\n\n\n<p>D&rsquo;autre part, nous sommes convaincu\u00b7es que le livre et le jeu sont deux m\u00e9dias puissants et \u00e9mancipateurs, qui permettent de se construire et de construire le \u00ab\u00a0vivre et faire ensemble\u00a0\u00bb. Ils doivent \u00eatre accessibles au plus grand nombre. Ils seront au c\u0153ur de ce projet. Le march\u00e9 fait \u00e9tat aujourd\u2019hui d\u2019une difficult\u00e9 croissante des libraires dans la vente de livres neufs (augmentation co\u00fbt du papier, \u00e9norm\u00e9ment de nouveaut\u00e9s, impact \u00e9cologique\u2026). L\u2019association a donc fait le choix du march\u00e9 de l\u2019occasion, pour les livres et les jeux, mais qui seront s\u00e9lectionn\u00e9s par nos soins et\/ou sugg\u00e9r\u00e9s par les adh\u00e9rent\u00b7es.<\/p>\n\n\n\n<p>Et pour encore plus d&rsquo;ouverture, nous souhaitons proposer \u00e9galement des \u00e9v\u00e9nements tels que des concerts, spectacles, cin\u00e9-d\u00e9bats, conf\u00e9rences&#8230;<\/p>\n\n\n\n<h3 class=\"wp-block-heading\">En itin\u00e9rance<\/h3>\n\n\n\n<p>L\u2019id\u00e9e de d\u00e9part \u00e9tait d\u2019avoir un lieu fixe et identifi\u00e9 sur Champdeniers (79). Sans r\u00e9elle opportunit\u00e9 et pour un d\u00e9marrage plus simple, dans un premier temps, l\u2019association a fait le choix de l\u2019itin\u00e9rance. Des volont\u00e9s municipales de petites communes rurales \u00e9mergent, souhaitant voir revivre leur bourg et pour certain\u00b7es, les locaux de leur \u00e9cole victime de fermeture. Alors pourquoi pas cr\u00e9er un partenariat ?<\/p>\n\n\n\n<h3 class=\"wp-block-heading\">\u00c9volutions \u00e0 venir<\/h3>\n\n\n\n<p>A court terme, l\u2019association va proposer quelques temps forts chaque mois, afin de se faire conna\u00eetre et de recueillir les avis et besoins des habitant\u00b7es du territoire. Nous serons h\u00e9berg\u00e9\u00b7es tant\u00f4t au Centre Socio-Culturel, tant\u00f4t dans des salles communales, chez d\u2019autres associations, chez des particulier\u00b7es\u2026<\/p>\n\n\n\n<p>A moyen terme, l\u2019association souhaite pouvoir proposer \u00e0 la fois de la prestation autour du livre et du jeu (EHPAD, p\u00e9riscolaire, \u00e9coles, biblioth\u00e8ques, etc&#8230;) et aussi des temps fixes et r\u00e9guliers de caf\u00e9 associatif sur le territoire.<\/p>\n\n\n\n<p>A long terme, nous esp\u00e9rons pouvoir trouver un endroit d\u00e9di\u00e9 sur Champdeniers (79), sans se priver de la possibilit\u00e9 de continuer l\u2019itin\u00e9rance si elle est pertinente et si les moyens humains pour y r\u00e9pondre sont suffisants.<\/p>\n<\/div>\n<\/div>\n<\/div>\n<\/div>\n\n\n\n<p><\/p>\n","protected":false},"excerpt":{"rendered":"<p>Notre association a pour objet d&rsquo;impulser et de tisser le lien social en invitant \u00e0 se ressourcer autour du livre, du jeu, de la cr\u00e9ation culturelle. Pr\u00e9sentation du projet De mani\u00e8re g\u00e9n\u00e9rale, mais c&rsquo;est aussi le cas sur notre territoire de Sud G\u00e2tine, le constat est fait que peu de lieux de convivialit\u00e9 sont encore [&hellip;]<\/p>\n","protected":false},"author":2,"featured_media":0,"parent":0,"menu_order":0,"comment_status":"closed","ping_status":"closed","template":"","meta":{"footnotes":""},"class_list":["post-22","page","type-page","status-publish","hentry"],"yoast_head":"<!-- This site is optimized with the Yoast SEO plugin v26.7 - https:\/\/yoast.com\/wordpress\/plugins\/seo\/ -->\n<title>A propos - Culture Vagabonde<\/title>\n<meta name=\"robots\" content=\"index, follow, max-snippet:-1, max-image-preview:large, max-video-preview:-1\" \/>\n<link rel=\"canonical\" href=\"https:\/\/www.culture-vagabonde.fr\/index.php\/a-propos\/\" \/>\n<meta property=\"og:locale\" content=\"fr_FR\" \/>\n<meta property=\"og:type\" content=\"article\" \/>\n<meta property=\"og:title\" content=\"A propos - Culture Vagabonde\" \/>\n<meta property=\"og:description\" content=\"Notre association a pour objet d&rsquo;impulser et de tisser le lien social en invitant \u00e0 se ressourcer autour du livre, du jeu, de la cr\u00e9ation culturelle. Pr\u00e9sentation du projet De mani\u00e8re g\u00e9n\u00e9rale, mais c&rsquo;est aussi le cas sur notre territoire de Sud G\u00e2tine, le constat est fait que peu de lieux de convivialit\u00e9 sont encore [&hellip;]\" \/>\n<meta property=\"og:url\" content=\"https:\/\/www.culture-vagabonde.fr\/index.php\/a-propos\/\" \/>\n<meta property=\"og:site_name\" content=\"Culture Vagabonde\" \/>\n<meta property=\"article:modified_time\" content=\"2025-09-08T12:16:03+00:00\" \/>\n<meta property=\"og:image\" content=\"https:\/\/www.culture-vagabonde.fr\/wp-content\/uploads\/2025\/09\/LOGO_CULTURE-VAGABONDE_v6_petitTransparent.png\" \/>\n\t<meta property=\"og:image:width\" content=\"500\" \/>\n\t<meta property=\"og:image:height\" content=\"331\" \/>\n\t<meta property=\"og:image:type\" content=\"image\/png\" \/>\n<meta name=\"twitter:card\" content=\"summary_large_image\" \/>\n<meta name=\"twitter:label1\" content=\"Dur\u00e9e de lecture estim\u00e9e\" \/>\n\t<meta name=\"twitter:data1\" content=\"3 minutes\" \/>\n<script type=\"application\/ld+json\" class=\"yoast-schema-graph\">{\"@context\":\"https:\/\/schema.org\",\"@graph\":[{\"@type\":\"WebPage\",\"@id\":\"https:\/\/www.culture-vagabonde.fr\/index.php\/a-propos\/\",\"url\":\"https:\/\/www.culture-vagabonde.fr\/index.php\/a-propos\/\",\"name\":\"A propos - Culture Vagabonde\",\"isPartOf\":{\"@id\":\"https:\/\/www.culture-vagabonde.fr\/#website\"},\"primaryImageOfPage\":{\"@id\":\"https:\/\/www.culture-vagabonde.fr\/index.php\/a-propos\/#primaryimage\"},\"image\":{\"@id\":\"https:\/\/www.culture-vagabonde.fr\/index.php\/a-propos\/#primaryimage\"},\"thumbnailUrl\":\"https:\/\/www.culture-vagabonde.fr\/wp-content\/uploads\/2025\/09\/LOGO_CULTURE-VAGABONDE_v6_petitTransparent.png\",\"datePublished\":\"2025-05-16T13:41:53+00:00\",\"dateModified\":\"2025-09-08T12:16:03+00:00\",\"breadcrumb\":{\"@id\":\"https:\/\/www.culture-vagabonde.fr\/index.php\/a-propos\/#breadcrumb\"},\"inLanguage\":\"fr-FR\",\"potentialAction\":[{\"@type\":\"ReadAction\",\"target\":[\"https:\/\/www.culture-vagabonde.fr\/index.php\/a-propos\/\"]}]},{\"@type\":\"ImageObject\",\"inLanguage\":\"fr-FR\",\"@id\":\"https:\/\/www.culture-vagabonde.fr\/index.php\/a-propos\/#primaryimage\",\"url\":\"https:\/\/www.culture-vagabonde.fr\/wp-content\/uploads\/2025\/09\/LOGO_CULTURE-VAGABONDE_v6_petitTransparent.png\",\"contentUrl\":\"https:\/\/www.culture-vagabonde.fr\/wp-content\/uploads\/2025\/09\/LOGO_CULTURE-VAGABONDE_v6_petitTransparent.png\",\"width\":500,\"height\":331,\"caption\":\"logo culture vagabonde\"},{\"@type\":\"BreadcrumbList\",\"@id\":\"https:\/\/www.culture-vagabonde.fr\/index.php\/a-propos\/#breadcrumb\",\"itemListElement\":[{\"@type\":\"ListItem\",\"position\":1,\"name\":\"Accueil\",\"item\":\"https:\/\/www.culture-vagabonde.fr\/\"},{\"@type\":\"ListItem\",\"position\":2,\"name\":\"A propos\"}]},{\"@type\":\"WebSite\",\"@id\":\"https:\/\/www.culture-vagabonde.fr\/#website\",\"url\":\"https:\/\/www.culture-vagabonde.fr\/\",\"name\":\"Culture Vagabonde\",\"description\":\"\",\"publisher\":{\"@id\":\"https:\/\/www.culture-vagabonde.fr\/#organization\"},\"potentialAction\":[{\"@type\":\"SearchAction\",\"target\":{\"@type\":\"EntryPoint\",\"urlTemplate\":\"https:\/\/www.culture-vagabonde.fr\/?s={search_term_string}\"},\"query-input\":{\"@type\":\"PropertyValueSpecification\",\"valueRequired\":true,\"valueName\":\"search_term_string\"}}],\"inLanguage\":\"fr-FR\"},{\"@type\":\"Organization\",\"@id\":\"https:\/\/www.culture-vagabonde.fr\/#organization\",\"name\":\"Culture Vagabonde\",\"url\":\"https:\/\/www.culture-vagabonde.fr\/\",\"logo\":{\"@type\":\"ImageObject\",\"inLanguage\":\"fr-FR\",\"@id\":\"https:\/\/www.culture-vagabonde.fr\/#\/schema\/logo\/image\/\",\"url\":\"https:\/\/www.culture-vagabonde.fr\/wp-content\/uploads\/2025\/09\/LOGO_CULTURE-VAGABONDE_petit_transparent.png\",\"contentUrl\":\"https:\/\/www.culture-vagabonde.fr\/wp-content\/uploads\/2025\/09\/LOGO_CULTURE-VAGABONDE_petit_transparent.png\",\"width\":800,\"height\":529,\"caption\":\"Culture Vagabonde\"},\"image\":{\"@id\":\"https:\/\/www.culture-vagabonde.fr\/#\/schema\/logo\/image\/\"}}]}<\/script>\n<!-- \/ Yoast SEO plugin. -->","yoast_head_json":{"title":"A propos - Culture Vagabonde","robots":{"index":"index","follow":"follow","max-snippet":"max-snippet:-1","max-image-preview":"max-image-preview:large","max-video-preview":"max-video-preview:-1"},"canonical":"https:\/\/www.culture-vagabonde.fr\/index.php\/a-propos\/","og_locale":"fr_FR","og_type":"article","og_title":"A propos - Culture Vagabonde","og_description":"Notre association a pour objet d&rsquo;impulser et de tisser le lien social en invitant \u00e0 se ressourcer autour du livre, du jeu, de la cr\u00e9ation culturelle. Pr\u00e9sentation du projet De mani\u00e8re g\u00e9n\u00e9rale, mais c&rsquo;est aussi le cas sur notre territoire de Sud G\u00e2tine, le constat est fait que peu de lieux de convivialit\u00e9 sont encore [&hellip;]","og_url":"https:\/\/www.culture-vagabonde.fr\/index.php\/a-propos\/","og_site_name":"Culture Vagabonde","article_modified_time":"2025-09-08T12:16:03+00:00","og_image":[{"width":500,"height":331,"url":"https:\/\/www.culture-vagabonde.fr\/wp-content\/uploads\/2025\/09\/LOGO_CULTURE-VAGABONDE_v6_petitTransparent.png","type":"image\/png"}],"twitter_card":"summary_large_image","twitter_misc":{"Dur\u00e9e de lecture estim\u00e9e":"3 minutes"},"schema":{"@context":"https:\/\/schema.org","@graph":[{"@type":"WebPage","@id":"https:\/\/www.culture-vagabonde.fr\/index.php\/a-propos\/","url":"https:\/\/www.culture-vagabonde.fr\/index.php\/a-propos\/","name":"A propos - Culture Vagabonde","isPartOf":{"@id":"https:\/\/www.culture-vagabonde.fr\/#website"},"primaryImageOfPage":{"@id":"https:\/\/www.culture-vagabonde.fr\/index.php\/a-propos\/#primaryimage"},"image":{"@id":"https:\/\/www.culture-vagabonde.fr\/index.php\/a-propos\/#primaryimage"},"thumbnailUrl":"https:\/\/www.culture-vagabonde.fr\/wp-content\/uploads\/2025\/09\/LOGO_CULTURE-VAGABONDE_v6_petitTransparent.png","datePublished":"2025-05-16T13:41:53+00:00","dateModified":"2025-09-08T12:16:03+00:00","breadcrumb":{"@id":"https:\/\/www.culture-vagabonde.fr\/index.php\/a-propos\/#breadcrumb"},"inLanguage":"fr-FR","potentialAction":[{"@type":"ReadAction","target":["https:\/\/www.culture-vagabonde.fr\/index.php\/a-propos\/"]}]},{"@type":"ImageObject","inLanguage":"fr-FR","@id":"https:\/\/www.culture-vagabonde.fr\/index.php\/a-propos\/#primaryimage","url":"https:\/\/www.culture-vagabonde.fr\/wp-content\/uploads\/2025\/09\/LOGO_CULTURE-VAGABONDE_v6_petitTransparent.png","contentUrl":"https:\/\/www.culture-vagabonde.fr\/wp-content\/uploads\/2025\/09\/LOGO_CULTURE-VAGABONDE_v6_petitTransparent.png","width":500,"height":331,"caption":"logo culture vagabonde"},{"@type":"BreadcrumbList","@id":"https:\/\/www.culture-vagabonde.fr\/index.php\/a-propos\/#breadcrumb","itemListElement":[{"@type":"ListItem","position":1,"name":"Accueil","item":"https:\/\/www.culture-vagabonde.fr\/"},{"@type":"ListItem","position":2,"name":"A propos"}]},{"@type":"WebSite","@id":"https:\/\/www.culture-vagabonde.fr\/#website","url":"https:\/\/www.culture-vagabonde.fr\/","name":"Culture Vagabonde","description":"","publisher":{"@id":"https:\/\/www.culture-vagabonde.fr\/#organization"},"potentialAction":[{"@type":"SearchAction","target":{"@type":"EntryPoint","urlTemplate":"https:\/\/www.culture-vagabonde.fr\/?s={search_term_string}"},"query-input":{"@type":"PropertyValueSpecification","valueRequired":true,"valueName":"search_term_string"}}],"inLanguage":"fr-FR"},{"@type":"Organization","@id":"https:\/\/www.culture-vagabonde.fr\/#organization","name":"Culture Vagabonde","url":"https:\/\/www.culture-vagabonde.fr\/","logo":{"@type":"ImageObject","inLanguage":"fr-FR","@id":"https:\/\/www.culture-vagabonde.fr\/#\/schema\/logo\/image\/","url":"https:\/\/www.culture-vagabonde.fr\/wp-content\/uploads\/2025\/09\/LOGO_CULTURE-VAGABONDE_petit_transparent.png","contentUrl":"https:\/\/www.culture-vagabonde.fr\/wp-content\/uploads\/2025\/09\/LOGO_CULTURE-VAGABONDE_petit_transparent.png","width":800,"height":529,"caption":"Culture Vagabonde"},"image":{"@id":"https:\/\/www.culture-vagabonde.fr\/#\/schema\/logo\/image\/"}}]}},"_links":{"self":[{"href":"https:\/\/www.culture-vagabonde.fr\/index.php\/wp-json\/wp\/v2\/pages\/22","targetHints":{"allow":["GET"]}}],"collection":[{"href":"https:\/\/www.culture-vagabonde.fr\/index.php\/wp-json\/wp\/v2\/pages"}],"about":[{"href":"https:\/\/www.culture-vagabonde.fr\/index.php\/wp-json\/wp\/v2\/types\/page"}],"author":[{"embeddable":true,"href":"https:\/\/www.culture-vagabonde.fr\/index.php\/wp-json\/wp\/v2\/users\/2"}],"replies":[{"embeddable":true,"href":"https:\/\/www.culture-vagabonde.fr\/index.php\/wp-json\/wp\/v2\/comments?post=22"}],"version-history":[{"count":5,"href":"https:\/\/www.culture-vagabonde.fr\/index.php\/wp-json\/wp\/v2\/pages\/22\/revisions"}],"predecessor-version":[{"id":159,"href":"https:\/\/www.culture-vagabonde.fr\/index.php\/wp-json\/wp\/v2\/pages\/22\/revisions\/159"}],"wp:attachment":[{"href":"https:\/\/www.culture-vagabonde.fr\/index.php\/wp-json\/wp\/v2\/media?parent=22"}],"curies":[{"name":"wp","href":"https:\/\/api.w.org\/{rel}","templated":true}]}}